{"id":138,"date":"2023-02-07T19:05:18","date_gmt":"2023-02-07T19:05:18","guid":{"rendered":"https:\/\/oraculoia.com\/?page_id=138"},"modified":"2023-02-07T19:05:18","modified_gmt":"2023-02-07T19:05:18","slug":"contacte-nos","status":"publish","type":"page","link":"https:\/\/oraculoia.com\/index.php\/contacte-nos\/","title":{"rendered":"Contacte-nos"},"content":{"rendered":"<div class=\"wpforms-container wpforms-container-full\" id=\"wpforms-136\"><form id=\"wpforms-form-136\" class=\"wpforms-validate wpforms-form wpforms-ajax-form\" data-formid=\"136\" method=\"post\" enctype=\"multipart\/form-data\" action=\"\/index.php\/wp-json\/wp\/v2\/pages\/138\" data-token=\"8b442b5b7e7d3f0d4093b1a29bfdd956\"><noscript class=\"wpforms-error-noscript\">Please enable JavaScript in your browser to complete this form.<\/noscript><div class=\"wpforms-field-container\"><div id=\"wpforms-136-field_0-container\" class=\"wpforms-field wpforms-field-name\" data-field-id=\"0\"><label class=\"wpforms-field-label\" for=\"wpforms-136-field_0\">Nom <span class=\"wpforms-required-label\">*<\/span><\/label><div class=\"wpforms-field-row wpforms-field-medium\"><div class=\"wpforms-field-row-block wpforms-first wpforms-one-half\"><input type=\"text\" id=\"wpforms-136-field_0\" class=\"wpforms-field-name-first wpforms-field-required\" name=\"wpforms[fields][0][first]\" required><label for=\"wpforms-136-field_0\" class=\"wpforms-field-sublabel after \">First<\/label><\/div><div class=\"wpforms-field-row-block wpforms-one-half\"><input type=\"text\" id=\"wpforms-136-field_0-last\" class=\"wpforms-field-name-last wpforms-field-required\" name=\"wpforms[fields][0][last]\" required><label for=\"wpforms-136-field_0-last\" class=\"wpforms-field-sublabel after \">Last<\/label><\/div><\/div><\/div><div id=\"wpforms-136-field_1-container\" class=\"wpforms-field wpforms-field-email\" data-field-id=\"1\"><label class=\"wpforms-field-label\" for=\"wpforms-136-field_1\">Email <span class=\"wpforms-required-label\">*<\/span><\/label><input type=\"email\" id=\"wpforms-136-field_1\" class=\"wpforms-field-medium wpforms-field-required\" name=\"wpforms[fields][1]\" required><\/div><div id=\"wpforms-136-field_2-container\" class=\"wpforms-field wpforms-field-textarea\" data-field-id=\"2\"><label class=\"wpforms-field-label\" for=\"wpforms-136-field_2\">Pergunta\/Mensagem<\/label><textarea id=\"wpforms-136-field_2\" class=\"wpforms-field-medium\" name=\"wpforms[fields][2]\" ><\/textarea><\/div><\/div><div class=\"wpforms-submit-container\"><input type=\"hidden\" name=\"wpforms[id]\" value=\"136\"><input type=\"hidden\" name=\"wpforms[author]\" value=\"1\"><button type=\"submit\" name=\"wpforms[submit]\" id=\"wpforms-submit-136\" class=\"wpforms-submit\" data-alt-text=\"Enviando...\" data-submit-text=\"Enviar\" aria-live=\"assertive\" value=\"wpforms-submit\">Enviar<\/button><img src=\"https:\/\/oraculoia.com\/wp-content\/plugins\/wpforms-lite\/assets\/images\/submit-spin.svg\" class=\"wpforms-submit-spinner\" style=\"display: none;\" width=\"26\" height=\"26\" alt=\"Loading\"><\/div><\/form><\/div>  <!-- .wpforms-container -->","protected":false},"excerpt":{"rendered":"","protected":false},"author":1,"featured_media":0,"parent":0,"menu_order":0,"comment_status":"closed","ping_status":"closed","template":"","meta":{"_themeisle_gutenberg_block_has_review":false},"yoast_head":"<!-- This site is optimized with the Yoast SEO plugin v20.1 - https:\/\/yoast.com\/wordpress\/plugins\/seo\/ -->\n<title>Contacte-nos - Or\u00e1culo IA<\/title>\n<meta name=\"robots\" content=\"index, follow, max-snippet:-1, max-image-preview:large, max-video-preview:-1\" \/>\n<link rel=\"canonical\" href=\"https:\/\/oraculoia.com\/index.php\/contacte-nos\/\" \/>\n<meta property=\"og:locale\" content=\"en_US\" \/>\n<meta property=\"og:type\" content=\"article\" \/>\n<meta property=\"og:title\" content=\"Contacte-nos - Or\u00e1culo IA\" \/>\n<meta property=\"og:url\" content=\"https:\/\/oraculoia.com\/index.php\/contacte-nos\/\" \/>\n<meta property=\"og:site_name\" content=\"Or\u00e1culo IA\" \/>\n<meta name=\"twitter:card\" content=\"summary_large_image\" \/>\n<script type=\"application\/ld+json\" class=\"yoast-schema-graph\">{\"@context\":\"https:\/\/schema.org\",\"@graph\":[{\"@type\":\"WebPage\",\"@id\":\"https:\/\/oraculoia.com\/index.php\/contacte-nos\/\",\"url\":\"https:\/\/oraculoia.com\/index.php\/contacte-nos\/\",\"name\":\"Contacte-nos - Or\u00e1culo IA\",\"isPartOf\":{\"@id\":\"https:\/\/oraculoia.com\/#website\"},\"datePublished\":\"2023-02-07T19:05:18+00:00\",\"dateModified\":\"2023-02-07T19:05:18+00:00\",\"breadcrumb\":{\"@id\":\"https:\/\/oraculoia.com\/index.php\/contacte-nos\/#breadcrumb\"},\"inLanguage\":\"en-US\",\"potentialAction\":[{\"@type\":\"ReadAction\",\"target\":[\"https:\/\/oraculoia.com\/index.php\/contacte-nos\/\"]}]},{\"@type\":\"BreadcrumbList\",\"@id\":\"https:\/\/oraculoia.com\/index.php\/contacte-nos\/#breadcrumb\",\"itemListElement\":[{\"@type\":\"ListItem\",\"position\":1,\"name\":\"Home\",\"item\":\"https:\/\/oraculoia.com\/\"},{\"@type\":\"ListItem\",\"position\":2,\"name\":\"Contacte-nos\"}]},{\"@type\":\"WebSite\",\"@id\":\"https:\/\/oraculoia.com\/#website\",\"url\":\"https:\/\/oraculoia.com\/\",\"name\":\"Or\u00e1culo IA\",\"description\":\"Servi\u00e7os de Intelig\u00eancia Artificial\",\"publisher\":{\"@id\":\"https:\/\/oraculoia.com\/#organization\"},\"potentialAction\":[{\"@type\":\"SearchAction\",\"target\":{\"@type\":\"EntryPoint\",\"urlTemplate\":\"https:\/\/oraculoia.com\/?s={search_term_string}\"},\"query-input\":\"required name=search_term_string\"}],\"inLanguage\":\"en-US\"},{\"@type\":\"Organization\",\"@id\":\"https:\/\/oraculoia.com\/#organization\",\"name\":\"Or\u00e1culo IA\",\"url\":\"https:\/\/oraculoia.com\/\",\"logo\":{\"@type\":\"ImageObject\",\"inLanguage\":\"en-US\",\"@id\":\"https:\/\/oraculoia.com\/#\/schema\/logo\/image\/\",\"url\":\"https:\/\/oraculoia.com\/wp-content\/uploads\/2023\/02\/logo.jpg\",\"contentUrl\":\"https:\/\/oraculoia.com\/wp-content\/uploads\/2023\/02\/logo.jpg\",\"width\":266,\"height\":223,\"caption\":\"Or\u00e1culo IA\"},\"image\":{\"@id\":\"https:\/\/oraculoia.com\/#\/schema\/logo\/image\/\"}}]}<\/script>\n<!-- \/ Yoast SEO plugin. -->","yoast_head_json":{"title":"Contacte-nos - Or\u00e1culo IA","robots":{"index":"index","follow":"follow","max-snippet":"max-snippet:-1","max-image-preview":"max-image-preview:large","max-video-preview":"max-video-preview:-1"},"canonical":"https:\/\/oraculoia.com\/index.php\/contacte-nos\/","og_locale":"en_US","og_type":"article","og_title":"Contacte-nos - Or\u00e1culo IA","og_url":"https:\/\/oraculoia.com\/index.php\/contacte-nos\/","og_site_name":"Or\u00e1culo IA","twitter_card":"summary_large_image","schema":{"@context":"https:\/\/schema.org","@graph":[{"@type":"WebPage","@id":"https:\/\/oraculoia.com\/index.php\/contacte-nos\/","url":"https:\/\/oraculoia.com\/index.php\/contacte-nos\/","name":"Contacte-nos - Or\u00e1culo IA","isPartOf":{"@id":"https:\/\/oraculoia.com\/#website"},"datePublished":"2023-02-07T19:05:18+00:00","dateModified":"2023-02-07T19:05:18+00:00","breadcrumb":{"@id":"https:\/\/oraculoia.com\/index.php\/contacte-nos\/#breadcrumb"},"inLanguage":"en-US","potentialAction":[{"@type":"ReadAction","target":["https:\/\/oraculoia.com\/index.php\/contacte-nos\/"]}]},{"@type":"BreadcrumbList","@id":"https:\/\/oraculoia.com\/index.php\/contacte-nos\/#breadcrumb","itemListElement":[{"@type":"ListItem","position":1,"name":"Home","item":"https:\/\/oraculoia.com\/"},{"@type":"ListItem","position":2,"name":"Contacte-nos"}]},{"@type":"WebSite","@id":"https:\/\/oraculoia.com\/#website","url":"https:\/\/oraculoia.com\/","name":"Or\u00e1culo IA","description":"Servi\u00e7os de Intelig\u00eancia Artificial","publisher":{"@id":"https:\/\/oraculoia.com\/#organization"},"potentialAction":[{"@type":"SearchAction","target":{"@type":"EntryPoint","urlTemplate":"https:\/\/oraculoia.com\/?s={search_term_string}"},"query-input":"required name=search_term_string"}],"inLanguage":"en-US"},{"@type":"Organization","@id":"https:\/\/oraculoia.com\/#organization","name":"Or\u00e1culo IA","url":"https:\/\/oraculoia.com\/","logo":{"@type":"ImageObject","inLanguage":"en-US","@id":"https:\/\/oraculoia.com\/#\/schema\/logo\/image\/","url":"https:\/\/oraculoia.com\/wp-content\/uploads\/2023\/02\/logo.jpg","contentUrl":"https:\/\/oraculoia.com\/wp-content\/uploads\/2023\/02\/logo.jpg","width":266,"height":223,"caption":"Or\u00e1culo IA"},"image":{"@id":"https:\/\/oraculoia.com\/#\/schema\/logo\/image\/"}}]}},"_links":{"self":[{"href":"https:\/\/oraculoia.com\/index.php\/wp-json\/wp\/v2\/pages\/138"}],"collection":[{"href":"https:\/\/oraculoia.com\/index.php\/wp-json\/wp\/v2\/pages"}],"about":[{"href":"https:\/\/oraculoia.com\/index.php\/wp-json\/wp\/v2\/types\/page"}],"author":[{"embeddable":true,"href":"https:\/\/oraculoia.com\/index.php\/wp-json\/wp\/v2\/users\/1"}],"replies":[{"embeddable":true,"href":"https:\/\/oraculoia.com\/index.php\/wp-json\/wp\/v2\/comments?post=138"}],"version-history":[{"count":1,"href":"https:\/\/oraculoia.com\/index.php\/wp-json\/wp\/v2\/pages\/138\/revisions"}],"predecessor-version":[{"id":139,"href":"https:\/\/oraculoia.com\/index.php\/wp-json\/wp\/v2\/pages\/138\/revisions\/139"}],"wp:attachment":[{"href":"https:\/\/oraculoia.com\/index.php\/wp-json\/wp\/v2\/media?parent=138"}],"curies":[{"name":"wp","href":"https:\/\/api.w.org\/{rel}","templated":true}]}}