{"id":21,"date":"2023-02-04T21:31:25","date_gmt":"2023-02-04T21:31:25","guid":{"rendered":"https:\/\/oraculoia.com\/?page_id=21"},"modified":"2023-02-11T03:47:35","modified_gmt":"2023-02-11T03:47:35","slug":"bem-vindo-a-oraculo","status":"publish","type":"page","link":"https:\/\/oraculoia.com\/index.php\/bem-vindo-a-oraculo\/","title":{"rendered":"Bem-vindo a Or\u00e1culo"},"content":{"rendered":"\n<h3> Or\u00e1culo IA &#8211; Servi\u00e7os de Intelig\u00eancia Artificial<\/h3>\n\n\n\n<p>Somos uma empresa dedicada a fornecer solu\u00e7\u00f5es de IA de ponta a empresas em todo o Portugal. Com uma equipe altamente qualificada de especialistas em IA, estamos comprometidos em ajudar nossos clientes a aproveitar ao m\u00e1ximo o potencial da IA para melhorar sua performance e alcan\u00e7ar seus objetivos de neg\u00f3cios.<\/p>\n\n\n\n<p>Nossa ampla gama de servi\u00e7os de IA inclui reconhecimento de voz, reconhecimento de imagem, chatbots, rob\u00f3tica e sistemas de recomenda\u00e7\u00e3o. N\u00f3s trabalhamos com nossos clientes para compreender suas necessidades \u00fanicas e personalizar nossas solu\u00e7\u00f5es para atender aos seus requisitos.<\/p>\n\n\n\n<p>A IA pode trazer muitos benef\u00edcios para uma empresa, incluindo a automa\u00e7\u00e3o de tarefas repetitivas, a melhoria da efici\u00eancia e a toma de decis\u00f5es mais informadas. Na Or\u00e1culo, acreditamos que a IA \u00e9 uma ferramenta poderosa para ajudar as empresas a alcan\u00e7ar seu potencial m\u00e1ximo e a obter uma vantagem competitiva no mercado.<\/p>\n\n\n\n<p>Se voc\u00ea est\u00e1 procurando uma empresa confi\u00e1vel e experiente para ajud\u00e1-lo a aproveitar ao m\u00e1ximo as tecnologias de IA, entre em contato conosco hoje mesmo. N\u00f3s gostar\u00edamos de ouvir sobre suas necessidades e como podemos ajud\u00e1-lo a alcan\u00e7ar seus objetivos de neg\u00f3cios.<\/p>\n\n\n\n<h2>Os Nossos Servi\u00e7os<\/h2>\n\n\n<ul class=\"wp-block-latest-posts__list wp-block-latest-posts\"><li><a class=\"wp-block-latest-posts__post-title\" href=\"https:\/\/oraculoia.com\/index.php\/2023\/02\/10\/engenharia-de-software\/\">Engenharia de Software<\/a><\/li>\n<li><a class=\"wp-block-latest-posts__post-title\" href=\"https:\/\/oraculoia.com\/index.php\/2023\/02\/04\/marketing\/\">Marketing<\/a><\/li>\n<li><a class=\"wp-block-latest-posts__post-title\" href=\"https:\/\/oraculoia.com\/index.php\/2023\/02\/04\/informatica-e-programacao\/\">Inform\u00e1tica e Programa\u00e7\u00e3o<\/a><\/li>\n<li><a class=\"wp-block-latest-posts__post-title\" href=\"https:\/\/oraculoia.com\/index.php\/2023\/02\/04\/geracao-de-conteudo\/\">Gera\u00e7\u00e3o de Conte\u00fado<\/a><\/li>\n<\/ul>","protected":false},"excerpt":{"rendered":"<p>Or\u00e1culo IA &#8211; Servi\u00e7os de Intelig\u00eancia Artificial Somos uma empresa dedicada a fornecer solu\u00e7\u00f5es de [&hellip;]<\/p>\n","protected":false},"author":1,"featured_media":0,"parent":0,"menu_order":0,"comment_status":"closed","ping_status":"closed","template":"","meta":{"_themeisle_gutenberg_block_has_review":false},"yoast_head":"<!-- This site is optimized with the Yoast SEO plugin v20.1 - https:\/\/yoast.com\/wordpress\/plugins\/seo\/ -->\n<title>Bem-vindo a Or\u00e1culo - Or\u00e1culo IA<\/title>\n<meta name=\"robots\" content=\"index, follow, max-snippet:-1, max-image-preview:large, max-video-preview:-1\" \/>\n<link rel=\"canonical\" href=\"https:\/\/oraculoia.com\/index.php\/bem-vindo-a-oraculo\/\" \/>\n<meta property=\"og:locale\" content=\"en_US\" \/>\n<meta property=\"og:type\" content=\"article\" \/>\n<meta property=\"og:title\" content=\"Bem-vindo a Or\u00e1culo - Or\u00e1culo IA\" \/>\n<meta property=\"og:description\" content=\"Or\u00e1culo IA &#8211; Servi\u00e7os de Intelig\u00eancia Artificial Somos uma empresa dedicada a fornecer solu\u00e7\u00f5es de [&hellip;]\" \/>\n<meta property=\"og:url\" content=\"https:\/\/oraculoia.com\/index.php\/bem-vindo-a-oraculo\/\" \/>\n<meta property=\"og:site_name\" content=\"Or\u00e1culo IA\" \/>\n<meta property=\"article:modified_time\" content=\"2023-02-11T03:47:35+00:00\" \/>\n<meta name=\"twitter:card\" content=\"summary_large_image\" \/>\n<meta name=\"twitter:label1\" content=\"Est. reading time\" \/>\n\t<meta name=\"twitter:data1\" content=\"1 minute\" \/>\n<script type=\"application\/ld+json\" class=\"yoast-schema-graph\">{\"@context\":\"https:\/\/schema.org\",\"@graph\":[{\"@type\":\"WebPage\",\"@id\":\"https:\/\/oraculoia.com\/index.php\/bem-vindo-a-oraculo\/\",\"url\":\"https:\/\/oraculoia.com\/index.php\/bem-vindo-a-oraculo\/\",\"name\":\"Bem-vindo a Or\u00e1culo - Or\u00e1culo IA\",\"isPartOf\":{\"@id\":\"https:\/\/oraculoia.com\/#website\"},\"datePublished\":\"2023-02-04T21:31:25+00:00\",\"dateModified\":\"2023-02-11T03:47:35+00:00\",\"breadcrumb\":{\"@id\":\"https:\/\/oraculoia.com\/index.php\/bem-vindo-a-oraculo\/#breadcrumb\"},\"inLanguage\":\"en-US\",\"potentialAction\":[{\"@type\":\"ReadAction\",\"target\":[\"https:\/\/oraculoia.com\/index.php\/bem-vindo-a-oraculo\/\"]}]},{\"@type\":\"BreadcrumbList\",\"@id\":\"https:\/\/oraculoia.com\/index.php\/bem-vindo-a-oraculo\/#breadcrumb\",\"itemListElement\":[{\"@type\":\"ListItem\",\"position\":1,\"name\":\"Home\",\"item\":\"https:\/\/oraculoia.com\/\"},{\"@type\":\"ListItem\",\"position\":2,\"name\":\"Bem-vindo a Or\u00e1culo\"}]},{\"@type\":\"WebSite\",\"@id\":\"https:\/\/oraculoia.com\/#website\",\"url\":\"https:\/\/oraculoia.com\/\",\"name\":\"Or\u00e1culo IA\",\"description\":\"Servi\u00e7os de Intelig\u00eancia Artificial\",\"publisher\":{\"@id\":\"https:\/\/oraculoia.com\/#organization\"},\"potentialAction\":[{\"@type\":\"SearchAction\",\"target\":{\"@type\":\"EntryPoint\",\"urlTemplate\":\"https:\/\/oraculoia.com\/?s={search_term_string}\"},\"query-input\":\"required name=search_term_string\"}],\"inLanguage\":\"en-US\"},{\"@type\":\"Organization\",\"@id\":\"https:\/\/oraculoia.com\/#organization\",\"name\":\"Or\u00e1culo IA\",\"url\":\"https:\/\/oraculoia.com\/\",\"logo\":{\"@type\":\"ImageObject\",\"inLanguage\":\"en-US\",\"@id\":\"https:\/\/oraculoia.com\/#\/schema\/logo\/image\/\",\"url\":\"https:\/\/oraculoia.com\/wp-content\/uploads\/2023\/02\/logo.jpg\",\"contentUrl\":\"https:\/\/oraculoia.com\/wp-content\/uploads\/2023\/02\/logo.jpg\",\"width\":266,\"height\":223,\"caption\":\"Or\u00e1culo IA\"},\"image\":{\"@id\":\"https:\/\/oraculoia.com\/#\/schema\/logo\/image\/\"}}]}<\/script>\n<!-- \/ Yoast SEO plugin. -->","yoast_head_json":{"title":"Bem-vindo a Or\u00e1culo - Or\u00e1culo IA","robots":{"index":"index","follow":"follow","max-snippet":"max-snippet:-1","max-image-preview":"max-image-preview:large","max-video-preview":"max-video-preview:-1"},"canonical":"https:\/\/oraculoia.com\/index.php\/bem-vindo-a-oraculo\/","og_locale":"en_US","og_type":"article","og_title":"Bem-vindo a Or\u00e1culo - Or\u00e1culo IA","og_description":"Or\u00e1culo IA &#8211; Servi\u00e7os de Intelig\u00eancia Artificial Somos uma empresa dedicada a fornecer solu\u00e7\u00f5es de [&hellip;]","og_url":"https:\/\/oraculoia.com\/index.php\/bem-vindo-a-oraculo\/","og_site_name":"Or\u00e1culo IA","article_modified_time":"2023-02-11T03:47:35+00:00","twitter_card":"summary_large_image","twitter_misc":{"Est. reading time":"1 minute"},"schema":{"@context":"https:\/\/schema.org","@graph":[{"@type":"WebPage","@id":"https:\/\/oraculoia.com\/index.php\/bem-vindo-a-oraculo\/","url":"https:\/\/oraculoia.com\/index.php\/bem-vindo-a-oraculo\/","name":"Bem-vindo a Or\u00e1culo - Or\u00e1culo IA","isPartOf":{"@id":"https:\/\/oraculoia.com\/#website"},"datePublished":"2023-02-04T21:31:25+00:00","dateModified":"2023-02-11T03:47:35+00:00","breadcrumb":{"@id":"https:\/\/oraculoia.com\/index.php\/bem-vindo-a-oraculo\/#breadcrumb"},"inLanguage":"en-US","potentialAction":[{"@type":"ReadAction","target":["https:\/\/oraculoia.com\/index.php\/bem-vindo-a-oraculo\/"]}]},{"@type":"BreadcrumbList","@id":"https:\/\/oraculoia.com\/index.php\/bem-vindo-a-oraculo\/#breadcrumb","itemListElement":[{"@type":"ListItem","position":1,"name":"Home","item":"https:\/\/oraculoia.com\/"},{"@type":"ListItem","position":2,"name":"Bem-vindo a Or\u00e1culo"}]},{"@type":"WebSite","@id":"https:\/\/oraculoia.com\/#website","url":"https:\/\/oraculoia.com\/","name":"Or\u00e1culo IA","description":"Servi\u00e7os de Intelig\u00eancia Artificial","publisher":{"@id":"https:\/\/oraculoia.com\/#organization"},"potentialAction":[{"@type":"SearchAction","target":{"@type":"EntryPoint","urlTemplate":"https:\/\/oraculoia.com\/?s={search_term_string}"},"query-input":"required name=search_term_string"}],"inLanguage":"en-US"},{"@type":"Organization","@id":"https:\/\/oraculoia.com\/#organization","name":"Or\u00e1culo IA","url":"https:\/\/oraculoia.com\/","logo":{"@type":"ImageObject","inLanguage":"en-US","@id":"https:\/\/oraculoia.com\/#\/schema\/logo\/image\/","url":"https:\/\/oraculoia.com\/wp-content\/uploads\/2023\/02\/logo.jpg","contentUrl":"https:\/\/oraculoia.com\/wp-content\/uploads\/2023\/02\/logo.jpg","width":266,"height":223,"caption":"Or\u00e1culo IA"},"image":{"@id":"https:\/\/oraculoia.com\/#\/schema\/logo\/image\/"}}]}},"_links":{"self":[{"href":"https:\/\/oraculoia.com\/index.php\/wp-json\/wp\/v2\/pages\/21"}],"collection":[{"href":"https:\/\/oraculoia.com\/index.php\/wp-json\/wp\/v2\/pages"}],"about":[{"href":"https:\/\/oraculoia.com\/index.php\/wp-json\/wp\/v2\/types\/page"}],"author":[{"embeddable":true,"href":"https:\/\/oraculoia.com\/index.php\/wp-json\/wp\/v2\/users\/1"}],"replies":[{"embeddable":true,"href":"https:\/\/oraculoia.com\/index.php\/wp-json\/wp\/v2\/comments?post=21"}],"version-history":[{"count":4,"href":"https:\/\/oraculoia.com\/index.php\/wp-json\/wp\/v2\/pages\/21\/revisions"}],"predecessor-version":[{"id":189,"href":"https:\/\/oraculoia.com\/index.php\/wp-json\/wp\/v2\/pages\/21\/revisions\/189"}],"wp:attachment":[{"href":"https:\/\/oraculoia.com\/index.php\/wp-json\/wp\/v2\/media?parent=21"}],"curies":[{"name":"wp","href":"https:\/\/api.w.org\/{rel}","templated":true}]}}