{"id":57,"date":"2023-02-05T02:55:55","date_gmt":"2023-02-05T02:55:55","guid":{"rendered":"https:\/\/oraculoia.com\/?page_id=57"},"modified":"2023-02-12T17:11:35","modified_gmt":"2023-02-12T17:11:35","slug":"a-que-serve-ia","status":"publish","type":"page","link":"https:\/\/oraculoia.com\/index.php\/a-que-serve-ia\/","title":{"rendered":"Para Que Serve IA?"},"content":{"rendered":"<ul class=\"wp-block-latest-posts__list wp-block-latest-posts\"><li><a class=\"wp-block-latest-posts__post-title\" href=\"https:\/\/oraculoia.com\/index.php\/2023\/02\/05\/como-a-ia-pode-transformar-seu-negocio\/\">Como a IA pode transformar seu neg\u00f3cio<\/a><\/li>\n<li><a class=\"wp-block-latest-posts__post-title\" href=\"https:\/\/oraculoia.com\/index.php\/2023\/02\/05\/a-que-serve-o-ia\/\">Para que serve a IA?<\/a><\/li>\n<li><a class=\"wp-block-latest-posts__post-title\" href=\"https:\/\/oraculoia.com\/index.php\/2023\/02\/05\/geracao-de-conteudo-2\/\">Gera\u00e7\u00e3o de conte\u00fado<\/a><\/li>\n<li><a class=\"wp-block-latest-posts__post-title\" href=\"https:\/\/oraculoia.com\/index.php\/2023\/02\/05\/vantagem-competitiva\/\">Vantagem Competitiva<\/a><\/li>\n<\/ul>","protected":false},"excerpt":{"rendered":"","protected":false},"author":1,"featured_media":0,"parent":0,"menu_order":0,"comment_status":"closed","ping_status":"closed","template":"","meta":{"_themeisle_gutenberg_block_has_review":false},"yoast_head":"<!-- This site is optimized with the Yoast SEO plugin v20.1 - https:\/\/yoast.com\/wordpress\/plugins\/seo\/ -->\n<title>Para Que Serve IA? - Or\u00e1culo IA<\/title>\n<meta name=\"description\" content=\"A que serve a Intelig\u00eancia Artificial? As aplica\u00e7\u00f5es de IA servem para simular a intelig\u00eancia humana e automatizar tarefas que normalmente exigem intelig\u00eancia humana, como reconhecimento de voz e imagem, tradu\u00e7\u00e3o de idiomas, jogos de estrat\u00e9gia, entre outras.\" \/>\n<meta name=\"robots\" content=\"index, follow, max-snippet:-1, max-image-preview:large, max-video-preview:-1\" \/>\n<link rel=\"canonical\" href=\"https:\/\/oraculoia.com\/index.php\/a-que-serve-ia\/\" \/>\n<meta property=\"og:locale\" content=\"en_US\" \/>\n<meta property=\"og:type\" content=\"article\" \/>\n<meta property=\"og:title\" content=\"Para Que Serve IA? - Or\u00e1culo IA\" \/>\n<meta property=\"og:description\" content=\"A que serve a Intelig\u00eancia Artificial? As aplica\u00e7\u00f5es de IA servem para simular a intelig\u00eancia humana e automatizar tarefas que normalmente exigem intelig\u00eancia humana, como reconhecimento de voz e imagem, tradu\u00e7\u00e3o de idiomas, jogos de estrat\u00e9gia, entre outras.\" \/>\n<meta property=\"og:url\" content=\"https:\/\/oraculoia.com\/index.php\/a-que-serve-ia\/\" \/>\n<meta property=\"og:site_name\" content=\"Or\u00e1culo IA\" \/>\n<meta property=\"article:modified_time\" content=\"2023-02-12T17:11:35+00:00\" \/>\n<meta name=\"twitter:card\" content=\"summary_large_image\" \/>\n<script type=\"application\/ld+json\" class=\"yoast-schema-graph\">{\"@context\":\"https:\/\/schema.org\",\"@graph\":[{\"@type\":\"WebPage\",\"@id\":\"https:\/\/oraculoia.com\/index.php\/a-que-serve-ia\/\",\"url\":\"https:\/\/oraculoia.com\/index.php\/a-que-serve-ia\/\",\"name\":\"Para Que Serve IA? - Or\u00e1culo IA\",\"isPartOf\":{\"@id\":\"https:\/\/oraculoia.com\/#website\"},\"datePublished\":\"2023-02-05T02:55:55+00:00\",\"dateModified\":\"2023-02-12T17:11:35+00:00\",\"description\":\"A que serve a Intelig\u00eancia Artificial? As aplica\u00e7\u00f5es de IA servem para simular a intelig\u00eancia humana e automatizar tarefas que normalmente exigem intelig\u00eancia humana, como reconhecimento de voz e imagem, tradu\u00e7\u00e3o de idiomas, jogos de estrat\u00e9gia, entre outras.\",\"breadcrumb\":{\"@id\":\"https:\/\/oraculoia.com\/index.php\/a-que-serve-ia\/#breadcrumb\"},\"inLanguage\":\"en-US\",\"potentialAction\":[{\"@type\":\"ReadAction\",\"target\":[\"https:\/\/oraculoia.com\/index.php\/a-que-serve-ia\/\"]}]},{\"@type\":\"BreadcrumbList\",\"@id\":\"https:\/\/oraculoia.com\/index.php\/a-que-serve-ia\/#breadcrumb\",\"itemListElement\":[{\"@type\":\"ListItem\",\"position\":1,\"name\":\"Home\",\"item\":\"https:\/\/oraculoia.com\/\"},{\"@type\":\"ListItem\",\"position\":2,\"name\":\"Para Que Serve IA?\"}]},{\"@type\":\"WebSite\",\"@id\":\"https:\/\/oraculoia.com\/#website\",\"url\":\"https:\/\/oraculoia.com\/\",\"name\":\"Or\u00e1culo IA\",\"description\":\"Servi\u00e7os de Intelig\u00eancia Artificial\",\"publisher\":{\"@id\":\"https:\/\/oraculoia.com\/#organization\"},\"potentialAction\":[{\"@type\":\"SearchAction\",\"target\":{\"@type\":\"EntryPoint\",\"urlTemplate\":\"https:\/\/oraculoia.com\/?s={search_term_string}\"},\"query-input\":\"required name=search_term_string\"}],\"inLanguage\":\"en-US\"},{\"@type\":\"Organization\",\"@id\":\"https:\/\/oraculoia.com\/#organization\",\"name\":\"Or\u00e1culo IA\",\"url\":\"https:\/\/oraculoia.com\/\",\"logo\":{\"@type\":\"ImageObject\",\"inLanguage\":\"en-US\",\"@id\":\"https:\/\/oraculoia.com\/#\/schema\/logo\/image\/\",\"url\":\"https:\/\/oraculoia.com\/wp-content\/uploads\/2023\/02\/logo.jpg\",\"contentUrl\":\"https:\/\/oraculoia.com\/wp-content\/uploads\/2023\/02\/logo.jpg\",\"width\":266,\"height\":223,\"caption\":\"Or\u00e1culo IA\"},\"image\":{\"@id\":\"https:\/\/oraculoia.com\/#\/schema\/logo\/image\/\"}}]}<\/script>\n<!-- \/ Yoast SEO plugin. -->","yoast_head_json":{"title":"Para Que Serve IA? - Or\u00e1culo IA","description":"A que serve a Intelig\u00eancia Artificial? As aplica\u00e7\u00f5es de IA servem para simular a intelig\u00eancia humana e automatizar tarefas que normalmente exigem intelig\u00eancia humana, como reconhecimento de voz e imagem, tradu\u00e7\u00e3o de idiomas, jogos de estrat\u00e9gia, entre outras.","robots":{"index":"index","follow":"follow","max-snippet":"max-snippet:-1","max-image-preview":"max-image-preview:large","max-video-preview":"max-video-preview:-1"},"canonical":"https:\/\/oraculoia.com\/index.php\/a-que-serve-ia\/","og_locale":"en_US","og_type":"article","og_title":"Para Que Serve IA? - Or\u00e1culo IA","og_description":"A que serve a Intelig\u00eancia Artificial? As aplica\u00e7\u00f5es de IA servem para simular a intelig\u00eancia humana e automatizar tarefas que normalmente exigem intelig\u00eancia humana, como reconhecimento de voz e imagem, tradu\u00e7\u00e3o de idiomas, jogos de estrat\u00e9gia, entre outras.","og_url":"https:\/\/oraculoia.com\/index.php\/a-que-serve-ia\/","og_site_name":"Or\u00e1culo IA","article_modified_time":"2023-02-12T17:11:35+00:00","twitter_card":"summary_large_image","schema":{"@context":"https:\/\/schema.org","@graph":[{"@type":"WebPage","@id":"https:\/\/oraculoia.com\/index.php\/a-que-serve-ia\/","url":"https:\/\/oraculoia.com\/index.php\/a-que-serve-ia\/","name":"Para Que Serve IA? - Or\u00e1culo IA","isPartOf":{"@id":"https:\/\/oraculoia.com\/#website"},"datePublished":"2023-02-05T02:55:55+00:00","dateModified":"2023-02-12T17:11:35+00:00","description":"A que serve a Intelig\u00eancia Artificial? As aplica\u00e7\u00f5es de IA servem para simular a intelig\u00eancia humana e automatizar tarefas que normalmente exigem intelig\u00eancia humana, como reconhecimento de voz e imagem, tradu\u00e7\u00e3o de idiomas, jogos de estrat\u00e9gia, entre outras.","breadcrumb":{"@id":"https:\/\/oraculoia.com\/index.php\/a-que-serve-ia\/#breadcrumb"},"inLanguage":"en-US","potentialAction":[{"@type":"ReadAction","target":["https:\/\/oraculoia.com\/index.php\/a-que-serve-ia\/"]}]},{"@type":"BreadcrumbList","@id":"https:\/\/oraculoia.com\/index.php\/a-que-serve-ia\/#breadcrumb","itemListElement":[{"@type":"ListItem","position":1,"name":"Home","item":"https:\/\/oraculoia.com\/"},{"@type":"ListItem","position":2,"name":"Para Que Serve IA?"}]},{"@type":"WebSite","@id":"https:\/\/oraculoia.com\/#website","url":"https:\/\/oraculoia.com\/","name":"Or\u00e1culo IA","description":"Servi\u00e7os de Intelig\u00eancia Artificial","publisher":{"@id":"https:\/\/oraculoia.com\/#organization"},"potentialAction":[{"@type":"SearchAction","target":{"@type":"EntryPoint","urlTemplate":"https:\/\/oraculoia.com\/?s={search_term_string}"},"query-input":"required name=search_term_string"}],"inLanguage":"en-US"},{"@type":"Organization","@id":"https:\/\/oraculoia.com\/#organization","name":"Or\u00e1culo IA","url":"https:\/\/oraculoia.com\/","logo":{"@type":"ImageObject","inLanguage":"en-US","@id":"https:\/\/oraculoia.com\/#\/schema\/logo\/image\/","url":"https:\/\/oraculoia.com\/wp-content\/uploads\/2023\/02\/logo.jpg","contentUrl":"https:\/\/oraculoia.com\/wp-content\/uploads\/2023\/02\/logo.jpg","width":266,"height":223,"caption":"Or\u00e1culo IA"},"image":{"@id":"https:\/\/oraculoia.com\/#\/schema\/logo\/image\/"}}]}},"_links":{"self":[{"href":"https:\/\/oraculoia.com\/index.php\/wp-json\/wp\/v2\/pages\/57"}],"collection":[{"href":"https:\/\/oraculoia.com\/index.php\/wp-json\/wp\/v2\/pages"}],"about":[{"href":"https:\/\/oraculoia.com\/index.php\/wp-json\/wp\/v2\/types\/page"}],"author":[{"embeddable":true,"href":"https:\/\/oraculoia.com\/index.php\/wp-json\/wp\/v2\/users\/1"}],"replies":[{"embeddable":true,"href":"https:\/\/oraculoia.com\/index.php\/wp-json\/wp\/v2\/comments?post=57"}],"version-history":[{"count":4,"href":"https:\/\/oraculoia.com\/index.php\/wp-json\/wp\/v2\/pages\/57\/revisions"}],"predecessor-version":[{"id":219,"href":"https:\/\/oraculoia.com\/index.php\/wp-json\/wp\/v2\/pages\/57\/revisions\/219"}],"wp:attachment":[{"href":"https:\/\/oraculoia.com\/index.php\/wp-json\/wp\/v2\/media?parent=57"}],"curies":[{"name":"wp","href":"https:\/\/api.w.org\/{rel}","templated":true}]}}